3). Suppose -3*i + 7 = m, -3*i = -6*i - 3*m - l. Calculate the remainder when 94 is divided by i.
2
Let o(t) = -10*t. Let i be o(-1). Suppose i*w - 11*w = -24. What is the remainder when (-92)/(-6)*(-2 - -5) is divided by w?
22
Suppose 0 = 2*m + 2*a - 124, -4*m + 5*a + 126 + 104 = 0. What is the remainder when m is divided by 32?
28
Suppose 4*i = 4*u - 508, -2*u + 52 = -4*i - 200. Calculate the remainder when u is divided by 43.
42
Let s = 12 - -8. Let a(i) = i**3 + 4*i**2 - 7*i + 1. Let x = 76 + -81. Calculate the remainder when s is divided by a(x).
9
Let b(h) = -3*h**2 - 2*h**2 - 15*h**3 - h + 4*h**2. Suppose l - 2294 = -30*l. Calculate the remainder when l is divided by b(-1).
14
Let u = 33 + -19. Suppose 2*s - 42*a = -37*a + 148, 0 = 5*a + 10. What is the remainder when s is divided by u?
13
Let x(i) = -i - 5. Suppose -5*r + 3*f - 7*f = 269, -5*r + 2*f = 263. Let g = r - -65. What is the remainder when g is divided by x(-10)?
2
Suppose 3*a + 8 = -85. Suppose 38 = -2*o - 0*o. Let w = o - a. Calculate the remainder when 22 is divided by w.
10
Suppose -257 - 233 = -7*f. Let l = -31 + f. Calculate the remainder when 77 is divided by l.
38
Suppose -3*b - 189 = -12*b. Let h(a) be the second derivative of 27*a**4/4 + a**3/6 - a**2/2 + 2*a. What is the remainder when h(1) is divided by b?
18
Let t = -21 + 14. Let p = -162 + 165. Let g = p - t. Calculate the remainder when 28 is divided by g.
8
Let p = -174 - -109. Let m = p - -34. Calculate the remainder when (-2 - (-1 - 0))*m is divided by 17.
14
Suppose 3*h - 191 = -5*x, 3*h = -0*x + x - 49. What is the remainder when x is divided by 24?
16
Suppose 5*t - 18 - 50 = 2*r, 2*t + 2*r - 30 = 0. Calculate the remainder when 97 is divided by t.
13
Let l = -67 + 74. What is the remainder when 20 is divided by l?
6
Suppose -2 = 12*p + 58. Let s(i) = -i**2 - 13*i - 1. What is the remainder when s(p) is divided by 8?
7
Suppose -6*b + 10 + 20 = 0. What is the remainder when b is divided by 5?
0
Let s(u) = u**2 - 8*u - 7. What is the remainder when s(-6) is divided by ((-18)/(-12))/((-24)/(-128))?
5
Suppose -l - 8*l = -333. Suppose 20 = 29*s - 27*s. What is the remainder when l is divided by s?
7
Suppose -5*y + 1748 = -8*m + 7*m, -4*y = -5*m - 1411. Calculate the remainder when y is divided by 13.
11
Let b(i) = -2*i**3 + 4*i**2 + 2*i + 3. Let o be b(-3). Suppose 5*h - 15 = 0, 0*h = -5*y - 4*h + o. What is the remainder when 102 is divided by y?
12
Let i(d) = d**3 - 2*d**2 - 11*d - 1. Let q be i(-5). Let t = q - -131. What is the remainder when 89 is divided by t?
9
Let a(j) = 2*j**3 + 18*j**2 + 5*j + 51. Calculate the remainder when 49 is divided by a(-9).
1
Suppose -4*n = 4*o - 48, -4*n + o - 56 = -9*n. Suppose 9*h + 177 - 456 = 0. What is the remainder when h is divided by n?
9
Suppose 13*h + 30 = 18*h. Suppose 1 - 2 = r, -5*b + 3*r = -58. What is the remainder when b is divided by 8/12 + 38/h?
4
Let j(x) = -x**2 - 8*x + 5. Let s be j(-7). Calculate the remainder when 85 is divided by (s/(-4) + 32)*1.
27
Suppose -2*f = -7*f - 70. Let x = f + 20. Suppose -x*d - 7 = -55. What is the remainder when 31 is divided by d?
7
Suppose 4*g = 71 - 15. Suppose 0*t - 6 = 3*t + 3*n, 3*t = 3*n + 24. Calculate the remainder when g is divided by t.
2
Suppose -5*p - m + 7775 = 0, -p - m + 4663 = 2*p. Let c(g) = -56*g - 437. What is the remainder when p/36 - 2/9 is divided by c(-8)?
10
Let d(y) = -y**3 + 7*y**2 - 4*y + 7. Let o be 10/45 - (-104)/18. Calculate the remainder when d(o) is divided by (-70)/(-6) + (-28)/42.
8
Let l(y) = 6*y**2 + 2*y - 2. Let o = 113 - 73. Calculate the remainder when o is divided by l(1).
4
Let y be (-1)/(2/(-6)) - -1. Suppose -3*r - 9 = -3*a, y - 2 = 4*a - 2*r. Let c = a - -49. Calculate the remainder when c is divided by 10.
7
Let u(v) = 24*v**2 - 2*v + 7. Let o(f) = 70*f**2 - 6*f + 20. Let g(q) = 6*o(q) - 17*u(q). What is the remainder when 43 is divided by g(1)?
10
Suppose 0 = -3*h + 78 + 87. Calculate the remainder when h is divided by ((-5 - 0) + 25)/2 - (4 - 10).
7
Let q be -6 + 3 + (226 - 7). Suppose -q - 80 = -4*p. Calculate the remainder when p is divided by 21.
11
Suppose -2*d + 2*y = 2*d - 138, 4*d - 4*y = 144. What is the remainder when d is divided by ((-24)/16)/((-1)/8)?
9
Let t(h) = -h**2 + 9*h + 13. What is the remainder when (-21*(-21)/9)/1 is divided by t(9)?
10
Suppose 2*j + 8*o - 5*o - 1589 = 0, 2*j + o = 1595. What is the remainder when j is divided by 50?
49
Suppose -2*w + 4 = o, 2*w - 2*o + 4 = 8. Suppose w*v = 5*q - 91 - 1, 3*v = 3*q - 48. Let f = -106 - -185. Calculate the remainder when f is divided by q.
19
Calculate the remainder when 78 is divided by 2/(-22) - (-2384)/88.
24
Let k = -9 - -13. Suppose -5*t + 4*u = -631 - 595, 0 = k*t + 4*u - 988. What is the remainder when 29 is divided by t/30 + (-2)/10?
5
Let n = -1003 - -1021. Calculate the remainder when 1654 is divided by n.
16
Let j(d) = d - 5. Calculate the remainder when 1/(120/5536) - 4/30 is divided by j(13).
6
Suppose -10*z + 14*z - 336 = 0. Let q = -61 + z. What is the remainder when 136 is divided by q?
21
Suppose 5*i = 15, -18*i = 2*h - 13*i - 75. What is the remainder when 39 is divided by h?
9
Suppose 1 + 19 = 4*l, -2*q = -2*l - 20. Suppose -5*z - q = 4*s, 3*z - 8 = 5*s - 4*s. What is the remainder when 63 is divided by ((-96)/(-30))/((-1)/s)?
15
Let r = -271 - -273. Let l = 7 - 5. What is the remainder when r is divided by l?
0
Let r be 80/(-8) - 3*-1. Calculate the remainder when 22 is divided by (-13)/(-4) - r/(-28) - -2.
2
Calculate the remainder when 204 is divided by 5/((-15)/(-21)) + 47.
42
Let k be 1/4 - 55/44. Let b(f) = -7 - 8*f + 6 + f. Calculate the remainder when 17 is divided by b(k).
5
Let v(s) = s**2 - 19*s + 55. What is the remainder when 552 is divided by v(18)?
34
Suppose 0 = -5*q + f + 97, 7*q = 4*q - 2*f + 53. What is the remainder when 24 is divided by q?
5
Let t = -188 - -218. Calculate the remainder when 116 is divided by t.
26
Let y = 34 - 17. Suppose 0 = 3*p - 2*i + 8, 0 = 3*p - 3*i + 4*i - 4. What is the remainder when 11*(1 + p + 5) is divided by y?
15
Let o = 13 + -9. Suppose 166 = o*t + 22. Suppose 0 = 14*g - 231 + 35. What is the remainder when t is divided by g?
8
Let c = 1182 + -1084. What is the remainder when c is divided by 18?
8
What is the remainder when ((-7320)/10)/(-12)*5 is divided by 80?
65
Suppose 6*u = -2*u + 784. What is the remainder when 186 is divided by u?
88
Let x = -16 + 48. Calculate the remainder when (-1)/(3/(-4))*24 is divided by 3 - x/(-1 + -3).
10
Let s = 597 + -576. Calculate the remainder when 46 is divided by s.
4
Let a = -146 + 159. Calculate the remainder when 467 is divided by a.
12
Calculate the remainder when 106 is divided by 3 - (-75)/30*(-14)/(-5).
6
Calculate the remainder when (-14)/84 + 61/6 is divided by 2.
0
Suppose 0 = -7*h - 621 + 684. Suppose -32 = -4*l + 4. Let r = l + 25. Calculate the remainder when r is divided by h.
7
What is the remainder when 32 is divided by 6/9 - 403/(-39)?
10
Suppose 2*u - 50 = -q + 5*u, 0 = -q - 5*u + 50. Let a be (-14)/63*3*(-276)/(-8). Let v = a + q. Calculate the remainder when v is divided by 15.
12
Let o be -4 - -24 - 2/1. Let x = 25 - o. What is the remainder when (0 - 29)/(x + -8) is divided by 16?
13
What is the remainder when 479 is divided by (-46*(-24)/(-64))/((-1)/4)?
65
Suppose -4*a = 3*w - 656, -4*a - 1040 = 4*w - 9*w. Calculate the remainder when w is divided by 54.
50
Suppose r - 79 = -12. Calculate the remainder when r is divided by 14.
11
Let v(c) = -46*c - 154. What is the remainder when v(-5) is divided by 7?
6
Suppose 124 - 447 = -19*r. Calculate the remainder when 46 is divided by r.
12
Suppose -136*b = -131*b - 345. What is the remainder when 215 is divided by b?
8
Suppose -48*i + 594 = -37*i. Calculate the remainder when i is divided by 29.
25
Suppose -2*q = -5*g - 0*q + 4, -4*q = g - 14. Calculate the remainder when (-3 + 5/g)*-16 is divided by 3.
2
Let a(m) = 4*m**2 - 11*m - 10. Let x be a(-1). What is the remainder when (9/x - 2) + 796/5 is divided by 32?
31
Let v(a) = a**2 + 17*a + 117. What is the remainder when v(40) is divided by 15?
12
Suppose 2*o - 302 = r + 617, -1381 = -3*o - r. What is the remainder when o is divided by 58?
54
Suppose 10*w - 64 = -14. Suppose 